t are the prime factors of w?
2
Let c = 9 - 7. Suppose c*l = l. List the prime factors of l/(-3) - 6/(-3).
2
Let w(g) = 0*g + 3*g - 9 + 3*g + g**2. Let k be w(-7). List the prime factors of (k/3)/(6/(-63)).
7
Suppose -3*c = -c - 52. Let r be (-6)/(-4)*(-6 + -4). Let n = r + c. What are the prime factors of n?
11
Let i(n) = -n**3 - n**2 - 2*n - 3. Let g be i(-2). Suppose -g*z + 2*z + 36 = 0. What are the prime factors of z?
2, 3
Let f(p) = p**3 + p**2 + p + 2. Let x be f(0). Suppose -h + 0*h + x = k, -4*h = -2*k - 8. List the prime factors of h.
2
Let f = -7 - -16. List the prime factors of f.
3
Let m = 9 - -18. List the prime factors of m.
3
Let b = -32 + 58. List the prime factors of b.
2, 13
Let x = 4 + -1. Suppose 3*v - 2*v - 11 = -2*y, x*y = -5*v + 27. List the prime factors of v.
3
Let a be (-2)/(-6) + (-16)/(-6). Let p be 195/12 + 1*(-3)/12. Suppose -17 = -a*j + p. List the prime factors of j.
11
Suppose 0 = y - 3*y + 34. What are the prime factors of y?
17
Suppose 5*t + 2*c - 835 = 6*c, 3*t + 4*c - 533 = 0. What are the prime factors of t?
3, 19
Let y(j) = 7 - 5 + 3*j - j**2 + 3*j. What are the prime factors of y(5)?
7
List the prime factors of (-6)/(-1) + 7 + 0 + -4.
3
Let z(g) = -10*g - 22. List the prime factors of z(-7).
2, 3
Let j(l) = 2*l**2 - 12. What are the prime factors of j(5)?
2, 19
Let y be (-3)/((42/(-32))/(-7)). List the prime factors of -1*3 + (-5 - y).
2
List the prime factors of (-2)/(-9) - (-3606)/54.
67
Let i(t) = 6*t**2 + 10*t - 42. What are the prime factors of i(5)?
2, 79
Suppose 5*o - 3*z - 122 = 31, -4*z + 146 = 5*o. What are the prime factors of o?
2, 3, 5
Suppose 8*d - 287 = d. Let o = d - 5. List the prime factors of o.
2, 3
Suppose 0 = 2*y + 6, -87 = 3*k - y - y. Let v = k + 45. Suppose -3*w = -2*w - v. List the prime factors of w.
2, 7
What are the prime factors of 70/(-28)*(1/(-1) - 1)?
5
Let c = -17 - -65. List the prime factors of c.
2, 3
Let m = -25 - -63. What are the prime factors of m?
2, 19
Suppose -81 = -3*g - 4*c, 2*g - g = -c + 27. Suppose 18 + g = 5*p. Suppose -4*b + p*b = 55. What are the prime factors of b?
11
List the prime factors of (1 + 10/(-6))*2376/(-36).
2, 11
Let v(s) = -19*s**3 + 2*s**2 + s. Let q be v(-1). Suppose 0 = 2*u - 0*u - q. What are the prime factors of u?
2, 5
Let h be 33/6 - (-2)/(-4). Suppose -5*l - 12 = 2*g + 24, -h*g - 15 = 0. What are the prime factors of (-4)/l + (-112)/(-12)?
2, 5
List the prime factors of -15 - -16 - (0 - 2).
3
Let r(u) = u - 8. Let w be r(9). Let n be 4/(-1 - 0)*w. Let s = 0 - n. What are the prime factors of s?
2
Suppose f - 66 = 4. List the prime factors of f.
2, 5, 7
Let f = 38 - -27. List the prime factors of f.
5, 13
Let d = 87 + -44. Suppose -2*w = -v - 41, 2*v - 29 = -3*w + d. What are the prime factors of w?
2, 11
Suppose -3*n - 258 = -0*n. Let y = -39 - n. List the prime factors of y.
47
Suppose -3*p = 2*q - 0*p - 29, 3*p = -4*q + 55. List the prime factors of q.
13
Let u be ((-26)/(-5))/(1/5). Let h = -28 + 15. Let d = u + h. What are the prime factors of d?
13
Suppose 5*i = 9*i - 64. Let s be 63/12 - (-12)/i. Suppose 5*k - 14 - s = 0. List the prime factors of k.
2
List the prime factors of -3 + (-537)/(-6) + 3/(-6).
2, 43
Suppose -4*t = 151 + 1. Let l = 56 + t. What are the prime factors of l?
2, 3
Suppose -m = -j + 6*j - 55, -46 = -m - 2*j. List the prime factors of m.
2, 5
Let s(i) = -i + 1. Let u be s(7). Let h(t) be the third derivative of t**6/120 + 7*t**5/60 + 5*t**4/24 + t**3 + 2*t**2. What are the prime factors of h(u)?
2, 3
What are the prime factors of 3/(3/174*6)?
29
What are the prime factors of 5/20 + 1182/8?
2, 37
Suppose 3*n - 3 = -3*h, 0*n - 4*n + 1 = h. Suppose 2*l + n = 16. Let i = l + -2. What are the prime factors of i?
2, 3
Suppose -15 = -o + 3*p, -2*o - 4*p + 7*p = -15. Suppose -2*l + 24 = -o. Suppose 0 = -z + 10 + l. What are the prime factors of z?
2, 11
Suppose -v + 0*v + 65 = 0. List the prime factors of v.
5, 13
Let z(g) = g**2 + 6*g - 4. Let s be z(-5). Let l(k) = k**3 + 9*k**2 - k + 3. What are the prime factors of l(s)?
2, 3
Let r = 1110 - 720. What are the prime factors of r?
2, 3, 5, 13
Let c = 11 - 5. Let o = c - 10. List the prime factors of o/6*18/(-2).
2, 3
Let b = 416 - 281. What are the prime factors of b?
3, 5
Let z(y) = -2*y - 10 + 0*y + y**3 + 0*y + 4*y**2 + 3*y**2. Let i be z(-7). Suppose 0*o = o - i. What are the prime factors of o?
2
Let q(z) = 5*z - 5. Let t be q(5). Let d = t - 56. What are the prime factors of d/(-27)*30/4?
2, 5
What are the prime factors of 3 + -2 + -2 + 66?
5, 13
Let h = -54 - -99. What are the prime factors of h?
3, 5
Suppose -2*h - 3 + 9 = 0. List the prime factors of h.
3
Suppose 2*s = h - 30, -20 = -2*h - s - 3*s. What are the prime factors of h?
2, 5
Suppose 7*b - 225 = 4*b. What are the prime factors of b?
3, 5
Let f(j) = -j**3 + 5*j**2 + 3*j - 2. Let k(c) = c + 2. Let s be k(3). List the prime factors of f(s).
13
Suppose -4 = 3*u + 3*m + 11, -3*m - 13 = 2*u. Let g = u - -8. What are the prime factors of g?
2, 3
Let u(t) = 2*t**3 + t**2 - 3*t - 2. Let r be u(-2). Let c = r + -1. List the prime factors of (3 - 2)/((-3)/c).
3
Let i = 42 + -92. Let g = 96 + i. List the prime factors of g.
2, 23
Let h be 6/((-8)/(-6) + -1). Let y(b) = -b**3 - 5*b**2 + b - 5. Let n be y(-5). Let g = h + n. List the prime factors of g.
2
Suppose -2*c - 5 = 9. Let k = -2 - c. What are the prime factors of k?
5
Let g be 6*((-84)/(-9))/(-4). Let r be (-24)/g - (-6)/21. What are the prime factors of (-18)/(r*(-3)/4)?
2, 3
Suppose -m - i = -9, -2*m - 5*i + 14 = -2*i. What are the prime factors of m?
13
Suppose -2*o + 14 = -18. Let y = o + -9. What are the prime factors of y?
7
What are the prime factors of 2 - (-24)/(-3)*-4?
2, 17
Suppose 2 = -3*k + 8. Suppose -j + 4 = k*b, -5*j + 4*b + 35 = -13. What are the prime factors of j?
2
Suppose 2*k = -2*o + 10, -10 = -2*o + 2*k - 6*k. Suppose 2*s = 3*c - 37, -o*c + 3*s - 18 = -81. Let a = c - 8. List the prime factors of a.
7
Let l be (-1 - -4)*(-8)/(-12). Let r(a) = -1 - a + l*a - 4. List the prime factors of r(8).
3
Suppose 3*m + 0*m - 17 = -4*l, m + 3*l = 9. Suppose 0*t = 3*t. List the prime factors of (t - m)*(0 + -1).
3
Suppose -j - 6 = -2*j. What are the prime factors of ((-14)/8)/(j/(-24))?
7
Let l be (-22)/(-4) - (-7)/(-14). Let j = l - 1. What are the prime factors of j?
2
Suppose 96 = 2*c + 2*c. Let q be (-532)/(-20) + 2/5 + 0. List the prime factors of q/(-4*(-9)/c).
2, 3
Let m(s) = s**3 + 6*s**2 + s - 4. List the prime factors of m(-3).
2, 5
Suppose -5*y = -7*y + 48. Suppose -2*f = -5*u - y, -f = u - 4 - 1. List the prime factors of f.
7
Let r(t) = 111*t**3 + 2*t**2 - 1. List the prime factors of r(1).
2, 7
What are the prime factors of (11 + -8)/(1/12)?
2, 3
Suppose -9 = 3*i + 3*t - 69, -4*i + 3*t + 45 = 0. What are the prime factors of i?
3, 5
Let b(m) = 3 + m + 0 + 1. Let d be b(-3). Suppose -16 = -5*w - d. List the prime factors of w.
3
Suppose -5*c - 2*v - 22 = -3*v, 0 = -4*c - 2*v - 12. What are the prime factors of c/(-6) - (-242)/6?
41
Suppose -2*h = j - 42, -7*h = j - 3*h - 44. What are the prime factors of j?
2, 5
Let u = 96 - 10. What are the prime factors of u?
2, 43
Suppose -8 = -5*v + 7. Suppose 0*h + 10 = 2*h, v*m + 15 = 3*h. Suppose m*x = -2*x + 4. What are the prime factors of x?
2
Suppose -5*q = 5*g - 355, 2*q + 3*g - 41 = 99. List the prime factors of q.
73
Let n(y) = y**2 - 10 + 2 - 9*y**2 + y**3. Let z be n(8). Let c(p) = p**2 + 7*p + 7. What are the prime factors of c(z)?
3, 5
Let g(r) = 2*r - 5. Let k be g(4). Let v be (7 + k/(-1))*1. Suppose -v*h + 25 = h. List the prime factors of h.
5
Let y(x) = -2*x + 3. Let p be y(3). List the prime factors of 4*(1 + p/12).
3
Suppose -4*z - 3 = -67. List the prime factors of z.
2
Let o(m) = -m**3 + 10. Let r be o(0). Suppose 13*q = r*q + 117. What are the prime factors of q?
3, 13
Suppose -2*g - 2*f + 208 = 0, 2*g - 4*f - 124 = g. List the prime factors of g.
2, 3
Suppose 0 = 3*l - 6*h + 2*h - 266, 0 = 3*l - 3*h - 264. List the prime factors of l.
2, 43
Suppose -3*b - 1 = -10. Suppose 0 = b*r + 2*r - 10. Suppose -3 = -r*z + 1. List the prime factors of z.
2
Let b = 309 - 158. What are the prime factors of b?
151
Let o = 11 + 0. Let t = 15 - o. What are the prime factors o